c - 3*m - 198. What is the units digit of c?
1
Suppose 10 = -2*z + 7*z. Suppose z*p = 5*u - 26, -4*u - 4 = -6*u + 4*p. What is the units digit of u?
6
Let b(s) = -14*s + 3. What is the units digit of b(-3)?
5
Suppose -4*k = k - 45. Suppose -2*f = -4*f + 58. Suppose 5*d - f = -k. What is the units digit of d?
4
Let o(x) = -x**2 + 10*x - 8. Suppose 2*i = -3*d + 32 - 14, 3*i - 27 = -d. What is the units digit of o(i)?
1
Let p = 95 + -84. What is the units digit of p?
1
Let g be -7 + -2 - 2/(-2). Suppose 5*l = 4 + 11. Let f = l - g. What is the units digit of f?
1
Let l(o) = 15*o - 34. What is the hundreds digit of l(12)?
1
Suppose 2*t - 28 = t - 4*m, -3*t - m = -29. What is the units digit of t?
8
Suppose -465 - 290 = -5*s. What is the tens digit of s?
5
Let y(f) = f**2 + 6*f + 9. Let o be y(-6). What is the units digit of 6/(-27) + 65/o?
7
Suppose -5*o = 3*v - 25, 0 = 4*v + 4*o - 17 - 3. Let k(x) = -x**3 - x**2 - 3. Let l be k(v). What is the units digit of l*4*2/(-6)?
4
Let a = -9 - -16. Suppose -d + 5*r = 2*r - 10, -2*d = 3*r + a. What is the units digit of d?
1
Suppose 6*q - 3*q = z + 109, -3*z + 69 = 2*q. Suppose 0 = -3*o - o + q. What is the units digit of o?
9
Let l be (-31)/3 + (-1)/(-3). Let f(x) = x**3 + 9*x**2 - 11*x + 1. What is the tens digit of f(l)?
1
Let o(v) = -v + 22. Suppose p = 2*a + 5, -3 + 28 = 5*p. What is the units digit of o(a)?
2
Suppose -2*k = -3*k + 83. What is the tens digit of k?
8
Let l(g) = -3*g**3 + 5*g**2 - g. Let j be l(4). What is the tens digit of (-2)/10 + j/(-5)?
2
Let o(b) = b. Let k be o(2). Suppose 0 = -5*q + q - 5*j - k, -2*q + 6 = -j. Suppose -q*z - 41 + 1 = -4*t, 44 = 2*t + 5*z. What is the tens digit of t?
1
Let s = 124 - 116. What is the units digit of s?
8
Let z be ((-4)/(-3))/(2/45). Suppose 8*a - 3*a + z = 0. Let l(g) = -g**3 - 5*g**2 + 7*g + 7. What is the units digit of l(a)?
1
Suppose 11 = 5*z - 4*v, -2*v - 1 - 3 = -2*z. Suppose z*k = k. Let m = 16 + k. What is the units digit of m?
6
Let z be 1/(-2) + (-11)/(-2). Let n(r) = 2*r - 5. What is the units digit of n(z)?
5
Suppose 0 = -4*m + 31 - 11. Suppose m*y - 228 = y. What is the tens digit of y?
5
Suppose 6 = r - 5. Suppose -r = -2*v + 1. Let u(j) = -j**2 + 7*j + 5. What is the units digit of u(v)?
1
Suppose -o = -2 - 2, -5*r - 4*o = -51. Suppose 4*j = r*j - 3. What is the units digit of j?
1
Let b(c) = 3*c**2 + 4*c - 5. Let m = -5 + 1. What is the units digit of b(m)?
7
Let y(f) = 12*f + 27. What is the hundreds digit of y(9)?
1
What is the units digit of (2/(-4))/(13/(-1300))?
0
Let l be (-38)/8 + 7/(-28). What is the units digit of (l + 8)*4/6?
2
Let o(c) = -7*c**2 + 2. Let s(j) = 6*j**2 - j - 1. Let t(p) = 5*o(p) + 6*s(p). What is the units digit of t(6)?
4
Let r(j) = 13*j - 3. Let q(w) = -w**3 - 3*w**2 + 2. Let b be q(-3). Let s be r(b). Let y = s - 16. What is the units digit of y?
7
Let h(w) = -w**2 + 9*w - 6. Suppose 2*i = 8 + 2. Suppose -21 = -4*j + p + 7, 0 = -i*j + 2*p + 38. What is the tens digit of h(j)?
1
Suppose -5*b = -3*b + t - 8, -4*b - 8 = -4*t. Suppose 0 = -3*n - b*n + 5. Suppose 2*f + n = 17. What is the units digit of f?
8
Suppose t + 26 = 2*t. Suppose -2*s - 6 = 4*h - t, -2*h + 18 = 5*s. Let d = s + 1. What is the units digit of d?
3
Let x(z) = -6. Let j(f) = f - 7. Let b(o) = -3*j(o) + 4*x(o). What is the units digit of b(-3)?
6
Suppose 2*q = 5*x - 773, -2*q + 174 + 138 = 2*x. What is the units digit of x?
5
Let c(u) = -2*u**3 - 4*u**2 - 2*u + 1. Let m be c(-2). Suppose f = -4*t + 20, 2*t + 3*f = m*f. What is the units digit of t?
4
Suppose -164 = -7*p + 39. What is the units digit of p?
9
Let q(z) = -z**2 + 11*z - 13. Let b be q(9). Let u(n) = -n**3 + 5*n**2 - 3*n - 4. Let v be u(4). Let f = v + b. What is the units digit of f?
5
Let h = 59 + 18. What is the units digit of h?
7
Suppose 4*l + 7 + 6 = 5*o, -5*o = -5*l - 15. Let t(a) = 21*a. What is the units digit of t(o)?
1
Let m(z) = -z**3 + 4*z**2 + 8*z - 4. Let p(w) = 2*w**2 - 3*w + 3. Let o be p(2). Let q be m(o). Let r = -7 + q. What is the units digit of r?
4
Let n = -8 - -27. What is the tens digit of n?
1
Let h(r) = 11 - 2*r - r + 4*r + 2. What is the units digit of h(-6)?
7
Let u(y) be the first derivative of -y**5/120 + y**4/8 - y**3/3 - 2. Let v(w) be the third derivative of u(w). What is the units digit of v(2)?
1
Let h = 11 - 10. What is the units digit of h?
1
Let x = 102 + 42. What is the tens digit of x?
4
Let u = 3 - 1. Suppose 3*j - 11 = -5*k, -k - u*j + 0 = -5. What is the units digit of k?
1
Let j(h) = h**3 - h. Let p(n) be the second derivative of -n**5/20 + n**4/6 + n**3/2 + n. Let u(v) = 2*j(v) + p(v). What is the units digit of u(2)?
8
Suppose -5*a = 31 - 6. Let y = a - -8. Suppose 0 = -2*m - y*m + 30. What is the units digit of m?
6
Let u(g) = -7*g + 2. Let p be u(-8). Suppose -7 + 1 = -3*n. Suppose 5*l + 3*s - p = 0, -4*s - 12 = n*l - 38. What is the tens digit of l?
1
Suppose 4 + 2 = 2*o, -2*y - o + 81 = 0. What is the tens digit of y?
3
Let q = 9 + 8. What is the tens digit of q?
1
Suppose 5*x - 116 = h + 2*h, -2*x = h - 53. What is the units digit of x?
5
Suppose 0 = r + 3*a - 18, -5*a + 53 = 3*r - 21. What is the tens digit of r?
3
Suppose 0 = -l - 2 + 1. Let y be 6 + l/2*2. What is the units digit of (-2)/1 - (-12 + y)?
5
Suppose 0 = -4*z - 26 + 154. Suppose 6*i - z = 2*i. Suppose -i = -m + 2*q + 5, m - 4 = -q. What is the units digit of m?
7
Suppose -3*o = 5*f + 13 + 2, f = -o - 3. Let q = 10 + o. What is the tens digit of q?
1
Suppose 0 = 3*p - p + 2*n - 6, 3*p = n + 13. Suppose t + 3*g - 12 = 13, 66 = p*t - 5*g. What is the tens digit of t?
1
Let p = -2 - -2. Let b(g) = g**2 + 14*g + 36. Let c be b(-11). Suppose p = l - c + 2. What is the units digit of l?
1
Let w(h) = -h**2 + 2*h + 3. Let l be w(4). Let z = 5 + l. What is the units digit of 10 + 1/2*z?
0
Let c be 14/8 - (-2)/8. Suppose c*n = -3*n + 65. What is the tens digit of n?
1
Let x(l) = 11*l - 3. Let m(u) = -4*u + 1. Let t(f) = -17*m(f) - 6*x(f). Let a be t(1). What is the units digit of 4/((-4)/a)*-1?
3
Let j(f) = -f**3 + 3*f**2 + 6*f - 4. Let p be j(4). Suppose p*l - 11 = 37. What is the units digit of l?
2
Let v be ((-16)/10)/(2/(-10)). Let h = v - 6. Suppose -3*z - h + 8 = 0. What is the units digit of z?
2
Let u(j) = 33*j - 34. What is the hundreds digit of u(6)?
1
What is the units digit of (1/3)/(4/12)?
1
Suppose -3*x + 228 = -a, -x - a + 21 + 55 = 0. What is the units digit of x?
6
Let v(z) = 2*z**2 - 14*z + 13. What is the units digit of v(7)?
3
Suppose 4*x - 58 = 14. What is the tens digit of 5/(5/(-3)) + x?
1
Suppose 440 = -10*a + 12*a. What is the hundreds digit of a?
2
Let b(p) = p**3 + p**2 + p + 31. What is the tens digit of b(0)?
3
Let g be (-9)/(-4) + (-1)/4. Suppose -2*p = u - 15, 2*u + 57 = 7*u + p. Suppose g*n = 7 + u. What is the units digit of n?
9
Suppose 0 = 3*t + 2*t - 10. Let i = 4 + t. What is the units digit of i?
6
Suppose -1 = -4*c + 3. Let x(v) = 13*v**2 + v. What is the units digit of x(c)?
4
Suppose -2*y + 7*y - 3*h = 1535, 0 = -4*y - 2*h + 1228. What is the units digit of y?
7
Let b(m) = 4*m**3 - m**2 - 1. What is the units digit of b(3)?
8
Let j(i) = i + 1. Suppose -2*b - b = r - 97, 126 = 4*b + 2*r. Let p(q) = 6*q + 6. Let w(d) = b*j(d) - 6*p(d). What is the units digit of w(-2)?
2
Let u(w) = -w**3 + w**2 + 38. What is the units digit of u(0)?
8
Suppose -5*d - q + 1110 = 0, q = d + d - 444. What is the units digit of d?
2
Let f(u) = 5*u + 41. What is the units digit of f(14)?
1
Let k(x) = -x**3 - 4*x**2 - 2*x - 4. Let z be k(-4). Suppose -z*p - d - 9 = 0, p + 0*d - 4*d - 2 = 0. Let o = 9 + p. What is the units digit of o?
7
Let b be 1/1 + (-2 - -4). Let d(y) = -2*y - 5. Let z be d(-5). Suppose -4*k + 23 = 5*h - 2, 2 = b*h + z*k. What is the units digit of h?
9
Suppose 2*r + 192 = 3*r + 2*o, 2*r + 3*o - 387 = 0. What is the hundreds digit of r?
1
Let h(u) = -48*u - 4. Let l be h(-3). Suppose -b + 5 = 0, 7*n + 2*b - l = 2*n. What is the units digit of n?
6
Let k(z) = -z**3 + 14*z**2 - 10*z + 7. What is the units digit of k(13)?
6
Let n(t) = t**3 + t**2 + t + 16. Let a be n(0). Suppose a = 5*j + 3*r + 4, r - 4 = -3*j. Suppose -b - b = -3*u + 33, 4*b = j. What is the tens digit of u?
1
Let o be (-3 - -6)*(-12)/(-9). Let u be (-10 - o)*(-2)/4.